 77 = -3*p + 4*p. What is the units digit of p?
7
Let j(a) = -17*a - 3. What is the tens digit of j(-7)?
1
Suppose -3*i - 4 = -4*i. What is the tens digit of (18/(-5))/(i/(-20))?
1
Let r(a) = 2*a + 0*a**2 + 4*a**2 - 3*a**2 - 1. Let f be 0 + -2 + 1 + 3. What is the units digit of r(f)?
7
Let d = 13 - 8. Suppose -28 = -4*q + 2*c, -33 = -d*q - 2*c + 4*c. Let u = q + -3. What is the units digit of u?
2
Let f = 124 + -69. Suppose 2*v = f - 9. What is the units digit of v?
3
Let z be (-3)/((-6)/(-28)) - -3. Let q = z - -20. What is the units digit of q?
9
Let w = 125 + -95. What is the tens digit of w?
3
Let x = 13 - 9. Let k be 3 - 4 - 17*-1. Suppose -k = -x*z - 4. What is the units digit of z?
3
Suppose -3*b + 321 = 3*j, -3*j + j - 4*b + 204 = 0. What is the tens digit of j?
1
Let d = 15 + -7. Suppose -2*m + d = -4*q + 2*q, -m + 8 = -2*q. What is the units digit of 21 + q + (-3 - -6)?
0
Let u(d) = d**3 + 5*d**2 - 7*d - 4. What is the units digit of u(-6)?
2
Let b(x) = -x. Let i be b(-7). Suppose 5*n + 9 = 3*r - 8, 0 = -2*r - n + i. Let p(d) = 5*d - 6. What is the units digit of p(r)?
4
Suppose 0 = -5*z - 5*p - 136 - 249, -4*z + 3*p - 301 = 0. What is the units digit of 9/(-2 + z/(-32))?
4
Let y = 1 - 1. Suppose -4*z - z + 35 = y. Suppose z = 3*r - 14. What is the units digit of r?
7
Let t = -34 + 49. Suppose 5*k = b + b + t, b + 9 = 4*k. What is the units digit of k?
1
Let d be (-3 + 6)*(0 + -1). Let u(z) = -11*z - 2. What is the tens digit of u(d)?
3
Suppose 3*r + 15 = -2*r, -9 = t + 4*r. Suppose -2*p - 2*l = -0*p + 2, -3 = -t*l. Let q = p - -5. What is the units digit of q?
3
Let z = -10 - -12. Suppose -4*w + 7*w + 9 = z*v, -w - 1 = 0. Suppose 0 = -r + 3*r - v*u - 24, 4*r - 34 = -u. What is the units digit of r?
9
Suppose -w + 11 = 4*q, 5*w = 3*q + 1 - 15. Suppose 105 = -4*k - t, -t + 2 - q = 0. Let l = k + 44. What is the tens digit of l?
1
Let r be (5/4)/((-7)/(-28)). Suppose -n = -3*u + 53, -60 = r*u - 10*u - 4*n. What is the units digit of u?
6
Let f be 0 - -104 - 0/1. What is the units digit of f/28 + 4/14?
4
Let b(m) = -m**3 - 3*m**2 - 11*m - 7. What is the tens digit of b(-5)?
9
Suppose 2*o = 133 + 153. What is the tens digit of o?
4
Suppose 4 = 2*i - 0*i. Suppose -i*k = -0*k + 6, k + 96 = 3*o. What is the tens digit of o?
3
Let t be (-58)/7 + 2/7. Let v be (-10)/4*t/10. Suppose 2 = n + 2*g, -v*g + 50 = 3*n + 2*n. What is the units digit of n?
2
Suppose 3*x - m - 156 = 0, -6 = 3*m + 3. What is the tens digit of x?
5
Let d = 9 - -7. What is the units digit of d?
6
Suppose 2*n = 4*p - 784, -2*p - n - 49 + 437 = 0. What is the tens digit of p?
9
Let i(t) = -t**3 + 4*t**2 - 2*t + 3. Let x be i(3). Suppose -x*g + 26 = -5*g. What is the tens digit of g?
2
Suppose 0 = m + 5*r - 45, -2*m + 2*r + 102 = -0*m. What is the tens digit of m?
5
Let o(l) = 10*l**2 + 2*l + 1. What is the units digit of o(3)?
7
Let d = -25 - -37. Let q be 250/6 - d/18. Suppose -2*y + 3*y - 3*v - 1 = 0, 3*v - q = -5*y. What is the units digit of y?
7
Let n(m) = 14*m**2 + m. Suppose -s - 1 = -0. What is the units digit of n(s)?
3
Let g = 1 + 3. Suppose 4*f + 76 = 4*a - 0*a, 0 = -g*a - 4*f + 76. What is the units digit of a?
9
Let k = 7 - 4. Suppose -k*c = -4*j - 38, 3*c = 4*j - 2*j + 40. What is the units digit of c?
4
Suppose -3 = x + 5*y - 0, 5*y = -25. What is the tens digit of x?
2
Let q be 88/6 - 6/9. Suppose t = -t + q. What is the units digit of t?
7
Suppose 0 = 2*u + 4, 5*f - 337 = u. Suppose -4*a + f = -41. What is the tens digit of a?
2
Suppose 27 = 4*u + w - 25, -u + 13 = -5*w. Let g(d) = -2*d - 4. Let h be g(-3). Suppose 0 = -c + 3*v, 0 = -h*c - 3*v + 5 + u. What is the units digit of c?
6
Let b(c) = c**3 - 5*c**2 - 5*c. Let i be b(6). Let f = 3 + i. What is the units digit of f?
9
Suppose 0*b + 176 = 4*b. What is the tens digit of b?
4
Let d = -16 + 22. Let p = 10 - d. Suppose -p*y - 4 = 0, z + 2*z = -2*y + 13. What is the units digit of z?
5
Let o(w) = -5*w**3 + 12*w**2 + 2*w + 8. Let p(n) = n**3 - n**2 - n. Let a(m) = -o(m) - 4*p(m). What is the units digit of a(8)?
8
Let l = 0 + 4. Suppose -50 = -l*i + 5*k + 29, -2*k + 107 = 5*i. What is the tens digit of i?
2
What is the hundreds digit of 6 + 2/(-1) - -148?
1
Let a(g) = -8 + 2 + 5 - g**2 + 3*g**3. What is the units digit of a(1)?
1
Let i = -19 - -18. What is the units digit of ((-38)/i - 2) + 3?
9
Suppose -4*l - p + 10 = -6*p, 0 = -5*l + 3*p + 6. Let j = 3 + l. Suppose -3*r + 8 = 5*k - 23, 3*r - j*k - 15 = 0. What is the units digit of r?
7
Suppose s + 0*s = 4*f - 204, 3*f + 2*s - 164 = 0. What is the units digit of f?
2
Let i = -972 - -2108. What is the units digit of 2/15 + i/30?
8
Let h = 255 + -150. What is the tens digit of h?
0
What is the units digit of (5*7/105)/((-1)/(-147))?
9
Let d = -119 - -61. What is the tens digit of d/(-5) - 22/(-55)?
1
Let s = -54 + 105. What is the units digit of s?
1
Suppose 0*v + 2*v - 98 = 0. Let k = v - 32. What is the units digit of k?
7
Let r(g) = -g**2 + 11*g - 6. Let b be r(10). What is the units digit of (b/10)/((-3)/(-30))?
4
What is the tens digit of 51 + 3 + (-4)/1?
5
Let t(f) = 2*f - 9. Let l be t(6). Let c be 85/(-25) + 2/5. Let w = l - c. What is the units digit of w?
6
Suppose -227 + 72 = -5*r. What is the units digit of r?
1
Let m(i) be the second derivative of 17*i**3/6 - i**2/2 + 7*i. What is the tens digit of m(2)?
3
What is the units digit of (-92)/(-12) - (-2)/(-3)?
7
Suppose 102 + 63 = 3*a. What is the tens digit of a?
5
Suppose -5*b + 45 = 4*l - 7*l, 0 = -4*l - 3*b - 60. Let g = l + 34. What is the units digit of g?
9
Suppose a - 4*o = -0*a - 2, 0 = -o - 1. Let y(f) = -f - 12. Let k be y(a). What is the units digit of (k/4)/((-2)/4)?
3
Let p(a) = -a**2 + 12*a - 10. Suppose 4*v = -4*j - 14 + 42, 2*v - 17 = j. What is the units digit of p(v)?
2
Let f(h) = -h**2 - 7*h + 3. Let v be f(-7). Suppose -4*u + 79 = -77. Suppose 2*y = -3*y, u = v*g - 3*y. What is the units digit of g?
3
Let i = -31 + 88. What is the units digit of i?
7
Let j(i) = 4*i + 3. Let l be j(7). Suppose 0 + l = -p. Let f = -19 - p. What is the units digit of f?
2
Let o(t) = -4*t + 20. What is the units digit of o(-6)?
4
Suppose i - 13 = 5*z, -4 = z + z. Let j = i - 1. Suppose 4*u - 3 = w - u, 0 = j*w + 3*u - 20. What is the units digit of w?
7
Let d = -7 + 8. Suppose 5*b + f - 9 = 0, 3*b + 2*f - 3 = d. Suppose 2*y = -5*n - 12, 2 = -4*y - b*n + 10. What is the units digit of y?
4
Suppose 4*t = 2*t + 14. Let a(i) = i**3 - 8*i**2 + 8*i - 1. Let k be a(t). What is the tens digit of 1*(-3)/k*-44?
2
Suppose 68 = 2*j - j. Let k = j + -47. What is the tens digit of k?
2
Let m(r) = r**3 - 12*r**2 - 13*r + 18. What is the tens digit of m(13)?
1
Suppose 5*k - 97 = 53. What is the tens digit of k?
3
Suppose -4*y = -20, -9 - 23 = -t - 5*y. Let r(n) = 3*n + 10. What is the tens digit of r(t)?
3
Let k be (3 + 4)*6/21. Suppose -4*l - u + k = u, -2*u + 4 = 5*l. What is the units digit of l?
2
Let c = 354 + -232. What is the tens digit of c?
2
Suppose -p - 2*i - 4 = -2, 0 = -5*p - 5*i. Suppose 11 + 1 = 3*m. Suppose -2*q - q + 2*f + 12 = 0, -m*f = -p*q. What is the units digit of q?
6
Let y = -3 + 8. Suppose -y + 4 = -n. What is the units digit of n?
1
Let c(o) = -6*o - 2. Suppose u - g = -3*g - 8, -2*u + 8 = -4*g. Let a be c(u). What is the units digit of a/(-2)*6/(-5)?
6
Let z(h) = -h**2 - 12*h + 2. Let w be z(-12). Let u = 20 + w. What is the tens digit of u?
2
Let u = 6 - 2. Suppose -2*b - 12 = u*h, 5*h = -3*b + h - 10. Suppose -b*v = -z + 2*v - 2, 8 = 5*z - 2*v. What is the units digit of z?
2
Suppose z - 2*z + 3*m + 2 = 0, 0 = -3*z + m + 6. Suppose -4 = -3*h + 4*q, h = z*h - 2*q. What is the units digit of h?
4
Suppose -2*j + 119 = -3*o, 0 = 2*o - o + 4*j + 49. Let w = o - -69. What is the tens digit of w?
2
Let t = 173 + -24. What is the units digit of t?
9
Suppose r + 145 = 6*r. Let x = -20 + r. Suppose -39 = -3*y - x. What is the tens digit of y?
1
Let k(y) = 3*y - 8. Let m be k(6). Suppose 5*z = -0*z + m. Let x(v) = -v**3 + 4*v**2 - 4*v + 2. What is the units digit of x(z)?
2
Suppose -13 = -3*t + 56. Suppose -40 = -5*s + 5*f, 0 = -4*s + s + 4*f + t. What is the units digit of s?
9
What is the tens digit of 18*-1*4/(-6)?
1
Suppose -15 = 15*h - 18*h. What is the units digit of h?
5
Let d be 1